e -25 = 2*m + y, 3*m + 40 = y - 0*y. List the prime factors of (0 + -6)*29*m/26.
3, 29
Let q be 4 - (5 - (1 - -2)). Suppose 0 = q*b + 4*b + 6. What are the prime factors of 2*(b + (-44)/(-8))?
3
Suppose 1883 = 3*u - 5*t, 0*u + 2*u = -3*t + 1268. Suppose 3*d - 4 = 5, -5*i + u = 2*d. What are the prime factors of i?
5
Let c be (2 - 63)/(4/(-12)). Suppose -3*q - c = -0*q. Let k = -26 - q. What are the prime factors of k?
5, 7
Suppose 0 = 5*c - 5*o - 16840, 13065 + 3799 = 5*c + 3*o. What are the prime factors of c?
3371
Let j be (45/(-20) - -1)/(3/(-60)). Let a = j + 3. What are the prime factors of a?
2, 7
Suppose 0 = 5*p + 3*a - 3210, -12*p + 17*p - 3175 = 4*a. List the prime factors of p.
3, 71
Let i be (-4)/(-3)*(-21)/(-2). Suppose 4*n - 9 = 2*l + 5, -2*n + 5*l + 27 = 0. What are the prime factors of n/2 - (-175)/i?
13
Let t = 523 - 292. Let c = t - 159. Suppose -7*i + c = -3*i. What are the prime factors of i?
2, 3
Let h(g) = 2 - 10*g + 2 - 18*g + 4. What are the prime factors of h(-2)?
2
Suppose -5*h - 5*r = -11310, 5*h + 5*r - 6*r - 11298 = 0. List the prime factors of h.
2, 5, 113
Let d = -825 + 1231. What are the prime factors of d?
2, 7, 29
Let l(z) = z**3 - 4*z**2 + z + 4. Let o be l(3). Let p = 60 - o. List the prime factors of p.
2, 31
Let z(q) = -2*q**3 - q**2 + q. Let r be z(1). Let w be ((-132)/3)/r*-1. Let j = 11 - w. What are the prime factors of j?
3, 11
Let y(b) = -b**2 + 28*b + 75. What are the prime factors of y(21)?
2, 3, 37
Suppose 2 = 2*t + 10. Let w(f) = f**2 - 12*f + 14. Let i be w(10). List the prime factors of (t + i)*10/(-4).
5
Suppose 8 = -0*q + 2*q. Let v be -128 + (0/q)/(-2). Let o = v + 179. List the prime factors of o.
3, 17
Let k(m) be the third derivative of m**5/15 - m**4/3 - m**3/2 + 9*m**2. Suppose -2*a = -4*l - 12, 3*a - 7 = 5*l + 10. List the prime factors of k(a).
29
Let n(g) = 5*g**2 - 2*g - 2. Let c be n(-1). Suppose 0*w + 237 = c*w + 4*x, 96 = 2*w + x. List the prime factors of w.
7
Let g = -4 + 9. Suppose g = 2*d - 43. List the prime factors of d.
2, 3
Let u = 798 + 126. What are the prime factors of u?
2, 3, 7, 11
Let a(j) = 152*j**2 + 2*j - 48. List the prime factors of a(-5).
2, 1871
Let b = 12 + -16. Let u = b - -10. What are the prime factors of (15/2)/(3/u)?
3, 5
Let c(m) = 17*m**2 - 2*m - 2. Let g be c(-2). Let i(o) = o**3 - 3*o**2 + 5*o - 8. Let l be i(3). What are the prime factors of 2/l - (-1870)/g?
3
Suppose -2*u = -6*u - 19388. Let b be 4/(-34) + u/(-17). Suppose 0 = -5*f - 5*d + b, 3*d - 5 = -2*d. List the prime factors of f.
2, 7
Let h be (-88)/6 + 10/(-30). Let n = h + 2. Let l = n - -32. List the prime factors of l.
19
Let p(w) = w**2 - 12*w - 119. What are the prime factors of p(28)?
7, 47
Let s = -484 + 826. Let k be 2/5 - s/(-45). Suppose 0 = 4*v - k - 8. What are the prime factors of v?
2
Let a(p) = p**2 - p - 4. Let s be a(4). Let x be (0 - -27)/(12/s). Suppose 0*r - 17 = -f + r, -f = -2*r - x. What are the prime factors of f?
2
Suppose 3*w + 948 = 6*w. Suppose -2*j = -6*j + w. What are the prime factors of j?
79
Let a(g) = g - 3. Let i be a(3). Suppose 12*z - 807 - 681 = i. List the prime factors of z.
2, 31
Let g(w) = -w**2 - 15*w + 36. Let h be g(-17). Suppose 4*v = 4*r - 368, r + 5*v = -h*r + 316. What are the prime factors of r?
97
What are the prime factors of (10/2 - -63) + -1?
67
Let r = 3000 - 1737. What are the prime factors of r?
3, 421
Let i(f) = 18*f - 4 - 2 - f**2 - 3 - 2. List the prime factors of i(8).
3, 23
Let u be (-33)/22 - 7/(-2). Suppose 6*f - 100 = u*f. What are the prime factors of f?
5
Let c(g) = 5*g - 15. Let d(w) = -w + 3. Let h(i) = 2*c(i) + 11*d(i). Let y be h(9). What are the prime factors of (-4)/24*14*y?
2, 7
Let k(g) = -22*g - 12. What are the prime factors of k(-3)?
2, 3
Suppose 4*d = -3*l - 2*l + 2726, -3*d + 554 = l. What are the prime factors of l?
2, 271
Let r be (26/8)/((-5)/(-20)). Let t(c) = c**2 - 12*c + 4. List the prime factors of t(r).
17
Let a(b) = 861*b**2 + 28*b - 27. What are the prime factors of a(1)?
2, 431
Let g be (-3)/(-4) - 2/8*-13. Suppose q - 299 = -4*q - 2*w, g*w = -12. What are the prime factors of q?
61
Suppose -j = -z + 2780, -4*z + 13078 = 3*j + 1993. List the prime factors of z.
3, 5, 37
Let h = 9440 - 6482. What are the prime factors of h?
2, 3, 17, 29
Suppose 105 = -t + 339. Suppose 3*h = h + t. List the prime factors of h.
3, 13
Let p(w) = 227*w**2 + 2*w + 3. List the prime factors of p(-1).
2, 3, 19
Let p be (3 + -2 - 0)/1. List the prime factors of 1/1*34/p.
2, 17
Suppose 8 = -5*p + 4*g, 2*g = -2*p - g + 6. Suppose p = -3*c - c - 4*i - 4, -4*c + 36 = -4*i. List the prime factors of (1 + 1 - c) + 17.
3, 5
Suppose 0 = 4*j - 19 - 9. Let r(f) = 4*f**2 - f - 4. What are the prime factors of r(j)?
5, 37
Let f = 1644 - 538. What are the prime factors of f?
2, 7, 79
Let v(c) = 19*c + 68. Let o(h) = 2*h**2 + 39*h + 25. Let f be o(-19). What are the prime factors of v(f)?
2, 7, 13
Suppose -v + 29 = v - 5*m, -3*v + 3*m + 48 = 0. Suppose 2*o = -3*x - 11, x - 4*o + 8 = -9*o. Let n = v - x. List the prime factors of n.
2, 5
Let f(i) = -i**3 - 22*i**2 + i + 24. Let s be f(-22). Suppose s*z - 25 = 45. What are the prime factors of z?
5, 7
Let l(c) = c**2 + 19*c + 14. List the prime factors of l(-19).
2, 7
Let a be 0 + 1 - (1 - 0/2). Suppose a = -2*o + 4 + 4, -5*g + 218 = 2*o. What are the prime factors of g?
2, 3, 7
Suppose 314 + 412 = 6*i. Suppose 4*u - b = 479, b - i = -u - 0*b. Suppose 0*c - 3*c + u = 0. List the prime factors of c.
2, 5
Let v be 5 + 8/6*12/(-8). Suppose 0 = -0*h + 5*h + v*u - 518, -h - 3*u + 106 = 0. List the prime factors of h.
103
List the prime factors of (-40)/(-180) + 122/(-36)*-74.
251
Let w(u) = u**3 + u**2 + 5*u - 5. What are the prime factors of w(4)?
5, 19
Let q = -65 - -69. Suppose -y + q*t + 278 = 0, 12 = 4*t + 28. List the prime factors of y.
2, 131
Let l be 60/100 + 23/(-5). List the prime factors of (l - -1)*56/(-6).
2, 7
Suppose 4*v = 73 - 9. Suppose -v*i + 19*i = 132. List the prime factors of i.
2, 11
Let l = -21 + 33. Suppose 2*x - l = -2*x. Suppose 0 = 4*m - 5*m - 4, x*m - 33 = -5*u. List the prime factors of u.
3
Suppose 5*b - 44 = -34. Suppose b*h + 3*h - 5*x - 1235 = 0, 0 = -3*h - 5*x + 765. List the prime factors of h.
2, 5
Suppose -12353 = -2*l - 15*a + 20*a, 5*a - 30795 = -5*l. List the prime factors of l.
2, 23, 67
Let k = -11 - -8. Let w = 18 + k. Suppose -x + w = 2*x. What are the prime factors of x?
5
Let t be -15*((-4)/12 - 0). Suppose -t*z + 90 = -0*z. List the prime factors of 4/z + (-115)/(-9).
13
Let x(b) = b + 2. Let t be x(11). Suppose t*j - 460 = 8*j. What are the prime factors of j?
2, 23
Let z be (-5)/((-3)/(-6)*-2). Suppose n = 3*i - 445, 52 = i + z*n - 107. List the prime factors of i.
149
Suppose 4*x - u = 1065, -2*u - 533 = 5*x - 1848. Let o = x + -153. List the prime factors of o.
2, 7
Let f = -464 - -722. List the prime factors of f.
2, 3, 43
Suppose 0 = -g - 1 + 3. Suppose -g*x - 8 = -0. Let k(v) = -2*v - 5. List the prime factors of k(x).
3
Let f(n) = n + 10. Let h be f(-4). Suppose w - h*w - 5 = 0. List the prime factors of ((w - -2)*12)/1.
2, 3
Let l(y) = y**3 - 17*y**2 + 3. Suppose -2*j + 17 + 17 = 0. Let x be l(j). Suppose -4*z = -4*u - 108, -2*z - x*u + 36 = -18. What are the prime factors of z?
3
Suppose -51*l = -49*l - 392. Suppose -17 = -3*i + l. List the prime factors of i.
71
Let c = 47 + -32. Suppose c*i = 19*i - 124. List the prime factors of i.
31
Let y(v) = 12*v**2 + 41 - v**3 - 2*v + 3*v**2 + 4*v + 2*v**2. List the prime factors of y(17).
3, 5
Suppose -5*i + 2496 = -3*q, -306 = 2*i + q - 1311. List the prime factors of i.
3, 167
Let v be (174/(-4))/(12/(-16)). Let a = 32 + v. What are the prime factors of a?
2, 3, 5
Let j = 1891 + -1140. What are the prime factors of j?
751
Let n be (15/12)/(1/(-4)). Let g = -3 - n. Suppose g*t = 6 + 42. What are the prime factors of t?
2, 3
Let b(p) be the third derivative of p**6/120 + 2*p**5/5 + 11*p**4/12 + 31*p**3/6 + 30*p**2. What are the prime factors of b(-23)?
2, 3
List the prime factors of 10/30*(-27)/(-1).
3
Suppose -3*n = 15, -f - 6 - 4 = 3*n. Let p(q) = -q**3 + 8*q**2 - 3*q + 1. List the prime factors of p(f).
61
Let z(l) = 1825*l**2 - 5*l - 3. What are the prime factors of z(-1)?
3, 7, 29
Suppo